3 and 11777?
11777
Calculate the greatest common divisor of 978 and 773329050.
978
What is the greatest common factor of 1568340 and 720?
180
Calculate the greatest common factor of 810628 and 147.
7
What is the greatest common divisor of 6378856 and 2005762?
3806
Calculate the greatest common factor of 462006807 and 6.
3
Calculate the greatest common divisor of 34825 and 187225.
25
What is the highest common factor of 221729871 and 3597?
3597
Calculate the highest common divisor of 11779 and 6.
1
Calculate the greatest common divisor of 895107 and 750.
3
Calculate the highest common divisor of 36253 and 3858355.
5179
Calculate the highest common divisor of 12522 and 412326503.
2087
What is the greatest common divisor of 3519 and 8135100?
207
Calculate the greatest common divisor of 8200 and 123335.
5
Calculate the highest common factor of 1182000 and 7650.
150
Calculate the greatest common factor of 24003 and 889635.
381
What is the greatest common factor of 14117 and 182921399?
743
What is the greatest common factor of 2838238 and 13325?
13
Calculate the highest common divisor of 593123 and 161173.
53
What is the highest common divisor of 107450 and 55265?
35
What is the highest common factor of 531292 and 134080?
1676
Calculate the highest common factor of 136458 and 46569.
1083
Calculate the greatest common factor of 21507 and 12141504.
321
Calculate the greatest common factor of 39316832 and 48.
16
Calculate the greatest common factor of 407192 and 25208.
184
Calculate the highest common divisor of 11570936 and 43524.
1612
Calculate the highest common divisor of 26500 and 37790000.
500
Calculate the highest common factor of 56343 and 25683.
21
What is the highest common divisor of 115045 and 74390?
865
What is the highest common factor of 14 and 81126374?
14
Calculate the greatest common divisor of 330202991 and 5563.
5563
What is the highest common factor of 94801311 and 14958?
2493
What is the highest common divisor of 663380 and 3280?
820
Calculate the greatest common divisor of 606143 and 3131.
31
What is the greatest common factor of 110684826 and 4914?
378
Calculate the greatest common factor of 78 and 45770484.
6
Calculate the greatest common factor of 4625456 and 352.
176
What is the greatest common factor of 1575 and 21259035?
315
Calculate the greatest common divisor of 4 and 10478912.
4
What is the greatest common divisor of 1120 and 3022970?
10
What is the greatest common factor of 44084142 and 513?
513
Calculate the greatest common divisor of 611 and 817271.
13
What is the greatest common factor of 29745 and 3543621?
1983
What is the highest common factor of 3115 and 95174375?
445
Calculate the greatest common factor of 267 and 104444971.
89
Calculate the highest common divisor of 10510 and 2770.
10
Calculate the highest common divisor of 4172 and 321095.
149
What is the highest common divisor of 73220 and 204855?
35
What is the greatest common factor of 8 and 21469192?
8
Calculate the highest common divisor of 1314 and 2612178.
18
What is the highest common factor of 9893 and 38960917?
761
What is the highest common factor of 27855 and 19695342?
1857
What is the greatest common factor of 65224 and 82088?
248
Calculate the highest common divisor of 1111842 and 342.
342
What is the highest common factor of 12085654 and 784?
98
Calculate the greatest common factor of 48 and 2662068.
12
What is the greatest common divisor of 102960 and 383031?
99
What is the greatest common factor of 195 and 1691885?
65
Calculate the greatest common factor of 380 and 4183124.
4
Calculate the greatest common divisor of 2152374 and 40866.
294
What is the greatest common factor of 13851289 and 23286?
3881
Calculate the greatest common divisor of 14946 and 1193847.
141
Calculate the highest common factor of 4478 and 4493673.
2239
Calculate the highest common factor of 3518336 and 224.
32
What is the highest common divisor of 2540396 and 159?
53
What is the highest common factor of 15317 and 16332851?
53
Calculate the greatest common factor of 75140 and 195670.
170
What is the highest common factor of 132526 and 16974?
46
Calculate the highest common factor of 15293 and 1668429.
373
What is the greatest common factor of 8584779 and 867?
51
What is the greatest common divisor of 78589813 and 296?
37
What is the greatest common factor of 549566241 and 399?
399
What is the greatest common divisor of 91 and 114021817?
91
Calculate the greatest common factor of 1048 and 807746.
262
Calculate the greatest common divisor of 186 and 1277138.
62
What is the highest common divisor of 5831 and 1221521?
49
Calculate the highest common divisor of 38496 and 17184.
96
Calculate the greatest common factor of 623200 and 135136.
1312
Calculate the greatest common factor of 45248724 and 72.
36
Calculate the greatest common divisor of 1795636 and 328.
164
What is the highest common divisor of 7310758 and 8008?
182
Calculate the greatest common factor of 100176 and 48240.
48
What is the greatest common divisor of 94777 and 16?
1
What is the greatest common divisor of 2740730 and 1525?
305
What is the highest common factor of 692849 and 4?
1
Calculate the greatest common divisor of 26543265 and 23751.
609
Calculate the greatest common divisor of 2607 and 85994502.
2607
What is the greatest common factor of 2503692 and 1156?
68
What is the greatest common factor of 3110 and 5760?
10
Calculate the highest common divisor of 120648 and 9592.
88
Calculate the highest common divisor of 872519 and 86123.
71
What is the greatest common factor of 5811 and 30771?
39
What is the highest common divisor of 883755607 and 4907?
4907
Calculate the highest common divisor of 25500 and 776100.
300
What is the highest common divisor of 7755 and 20004270?
165
What is the greatest common factor of 838799 and 208?
13
What is the highest common factor of 1570 and 1021236330?
1570
Calculate the greatest common divisor of 144239571 and 2674.
1337
What is the highest common divisor of 97461100 and 1300?
100
Calculate the highest common divisor of 5512619 and 644.
7
Calculate the greatest common factor of 602 and 791372.
86
What is the highest common divisor of 135789178 and 2089?
2089
Calculate the greatest common factor of 5785269 and 105.
21
What is the greatest common divisor of 6596553 and 150537?
1083
Calculate the greatest common divisor of 93883647 and 286.
143
What is the highest common factor of 265787712 and 1152?
576
What is the highest common divisor of 503721 and 6984?
873
Calculate the highest common divisor of 1512 and 1021080.
24
What is the highest common divisor of 5400 and 534120?
120
What is the highest common divisor of 426875356 and 19?
19
Calculate the highest common factor of 3192 and 2161509.
21
Calculate the greatest common factor of 119 and 9233434.
7
Calculate the highest common divisor of 512864 and 1612.
124
Calculate the greatest common factor of 80 and 101218210.
10
Calculate the highest common factor of 24 and 4263720.
24
What is the highest common factor of 7204150 and 20?
10
Calculate the highest common divisor of 32697 and 328527.
1557
Calculate the greatest common factor of 151798 and 31.
1
Calculate the highest common divisor of 5707700 and 6350.
50
Calculate the highest common divisor of 49 and 233807231.
7
What is the greatest common divisor of 1025 and 2498130?
205
What is the greatest common factor of 223733588 and 988?
988
Calculate the greatest common divisor of 5745 and 10850390.
1915
Calculate the greatest common factor of 352 and 10456347.
11
Calculate the greatest common factor of 143131500 and 990.
90
What is the greatest common factor of 13 and 468096018?
13
Calculate the greatest common factor of 76 and 10147387.
19
What is the highest common factor of 40152633 and 5?
1
What is the highest common factor of 5746 and 569007?
17
What is the highest common divisor of 57 and 20991599?
19
What is the highest common factor of 1 and 165440256?
1
Calculate the greatest common divisor of 1455 and 10158465.
15
What is the greatest common factor of 15351466 and 4428?
82
What is the greatest common divisor of 1181544 and 18200?
728
What is the greatest common factor of 829 and 700140240?
829
What is the highest common divisor of 2277030 and 1890?
210
Calcu